ue
Is 121057613 composite?
False
Is 20194843 prime?
False
Is 390962479 prime?
True
Is 44709991 a prime number?
True
Is 531155551 a prime number?
False
Is 6548461 prime?
False
Is 7773902 a composite number?
True
Is 44011 prime?
False
Is 14926897 a prime number?
True
Is 8818357 a composite number?
False
Is 253683313 composite?
True
Is 1642663 a composite number?
True
Is 395638303 a prime number?
False
Is 197203 composite?
False
Is 79873147 a prime number?
True
Is 947501 a composite number?
False
Is 8500511 a prime number?
False
Is 253025711 a prime number?
False
Is 104162021 composite?
True
Is 5068957 composite?
False
Is 18736561 prime?
True
Is 509501 a composite number?
True
Is 11276459 composite?
True
Is 101902711 a composite number?
False
Is 129756623 a composite number?
False
Is 20742017 prime?
True
Is 26880071 a prime number?
False
Is 4017047 a composite number?
True
Is 85392901 prime?
False
Is 273467087 composite?
True
Is 16114313 composite?
False
Is 199771571 prime?
True
Is 582359 a composite number?
True
Is 19054171 a prime number?
True
Is 3945001 composite?
True
Is 447971 a prime number?
False
Is 35594387 prime?
True
Is 6738623 composite?
False
Is 136697927 a prime number?
True
Is 2339327 composite?
False
Is 1548539 prime?
True
Is 6442841 composite?
False
Is 3720683 composite?
True
Is 95756299 a prime number?
True
Is 42723971 prime?
False
Is 39275837 a composite number?
False
Is 15061477 prime?
True
Is 10019719 prime?
False
Is 2970959 a composite number?
False
Is 965893 prime?
True
Is 5458067 a prime number?
True
Is 215985449 a prime number?
True
Is 15260419 a prime number?
False
Is 49158827 composite?
False
Is 846741239 a composite number?
False
Is 4624954 composite?
True
Is 1479407 composite?
True
Is 150053 prime?
True
Is 1549199 composite?
False
Is 248569 a prime number?
True
Is 2279741 prime?
True
Is 97162279 a composite number?
True
Is 28701119 a prime number?
True
Is 12552223 a composite number?
False
Is 97133927 a composite number?
True
Is 223075927 a composite number?
True
Is 22241113 composite?
False
Is 348233657 composite?
False
Is 7279471 composite?
False
Is 5448173 a composite number?
True
Is 105467629 prime?
True
Is 8136053 prime?
True
Is 31212479 prime?
True
Is 52813703 a composite number?
True
Is 284392391 composite?
False
Is 681313 prime?
False
Is 2266861 a prime number?
True
Is 103898167 prime?
True
Is 12425971 a composite number?
True
Is 37985069 a prime number?
True
Is 120831181 prime?
False
Is 25029527 prime?
True
Is 8023331 composite?
True
Is 25666577 a composite number?
False
Is 246529 composite?
True
Is 32632339 composite?
False
Is 14629193 prime?
False
Is 4386517 a composite number?
False
Is 56403133 a composite number?
True
Is 668141 a composite number?
False
Is 14175389 prime?
True
Is 6467399 composite?
True
Is 1044941 prime?
True
Is 18376991 a composite number?
False
Is 2273371 composite?
True
Is 52485421 a prime number?
True
Is 432577 composite?
False
Is 1115789 a composite number?
False
Is 1159519 composite?
True
Is 90140854 a prime number?
False
Is 166813 prime?
False
Is 112843 a prime number?
True
Is 1918429 prime?
True
Is 1436167 composite?
True
Is 3793241 prime?
True
Is 1314813 prime?
False
Is 354353273 composite?
False
Is 1539011 a prime number?
True
Is 24121541 prime?
False
Is 1579553 a composite number?
False
Is 9232579 a prime number?
True
Is 148913 a composite number?
False
Is 186077527 composite?
False
Is 2621029 a prime number?
False
Is 2212579 a prime number?
True
Is 211161971 prime?
True
Is 704439811 composite?
False
Is 27727343 a composite number?
True
Is 83557 prime?
True
Is 14100613 prime?
True
Is 4544854 composite?
True
Is 72089723 prime?
True
Is 39244927 prime?
False
Is 3006221 a prime number?
False
Is 68125363 prime?
True
Is 107305789 prime?
True
Is 11817809 composite?
True
Is 5457055 prime?
False
Is 40512371 a composite number?
False
Is 15120167 composite?
False
Is 346663871 a prime number?
True
Is 55883771 a prime number?
True
Is 42838 a prime number?
False
Is 483583 composite?
True
Is 57967967 composite?
True
Is 587071973 prime?
False
Is 225979097 a composite number?
False
Is 3417797 composite?
False
Is 732767713 prime?
True
Is 883187 prime?
True
Is 4034813 prime?
False
Is 8417737 composite?
True
Is 19522417 a composite number?
True
Is 1168415 a composite number?
True
Is 38329867 a prime number?
True
Is 169254619 prime?
True
Is 510989 a prime number?
True
Is 16486994 prime?
False
Is 1432243 prime?
True
Is 21565873 a prime number?
False
Is 7027519 a prime number?
False
Is 103925893 prime?
True
Is 4513499 a prime number?
True
Is 4240123 prime?
False
Is 60910571 composite?
True
Is 3859045 composite?
True
Is 181983701 a composite number?
False
Is 1933711 composite?
True
Is 1397051 composite?
True
Is 7718687 a composite number?
False
Is 2614739 prime?
True
Is 252073623 a composite number?
True
Is 36943801 a composite number?
True
Is 330934595 a composite number?
True
Is 39391549 prime?
True
Is 34209047 composite?
True
Is 269940583 composite?
True
Is 1417931 composite?
False
Is 25867691 a prime number?
True
Is 53731 prime?
True
Is 4638397 composite?
False
Is 83591449 prime?
True
Is 1302907 a prime number?
False
Is 39031799 prime?
False
Is 525553 a composite number?
True
Is 2888807 prime?
True
Is 173217269 a prime number?
False
Is 244137319 prime?
True
Is 322792979 a prime number?
False
Is 4163039 prime?
True
Is 77883089 composite?
True
Is 2016445 composite?
True
Is 19052533 a prime number?
False
Is 372355 a prime number?
False
Is 56314547 prime?
False
Is 210599582 a composite number?
True
Is 8838685 a composite number?
True
Is 7941457 a prime number?
True
Is 3559571 prime?
True
Is 2942171 a prime number?
False
Is 1297687 prime?
True
Is 15610589 composite?
False
Is 273727939 a composite number?
False
Is 421549373 a prime number?
False
Is 22361263 composite?
False
Is 513031 a prime number?
True
Is 5293597 prime?
True
Is 314851391 prime?
True
Is 226947481 a prime number?
False
Is 59298989 prime?
True
Is 3128251 a prime number?
False
Is 1645979 a prime number?
True
Is 11669371 a prime number?
False
Is 391086835 composite?
True
Is 310276883 a composite number?
True
Is 8047843 a prime number?
True
Is 2770311 a prime number?
False
Is 5452379 a composite number?
True
Is 988811 prime?
False
Is 92826463 a prime number?
True
Is 7500215 prime?
False
Is 8731945 a prime number?
False
Is 2665361 a prime number?
False
Is 5128723 composite?
False
Is 36563347 prime?
False
Is 3694937 composite?
False
Is 304643423 composite?
True
Is 20900441 a prime number?
True
Is 224563 composite?
False
Is 161745757 prime?
False
Is 645533 composite?
True
Is 10169069 prime?
True
Is 8742449 prime?
True
Is 98787961 a prime number?
True
Is 40861822 a prime number?
False
Is 14344979 composite?
True
Is 46370173 a composite number?
True
Is 169090211 a prime number?
False
Is 1840389 prime?
False
Is 1030496257 composite?
True
Is 1108049 a prime number?
True
Is 78246689 a composite number?
True
Is 5866601 prime?
False
Is 12682771 a prime number?
False
Is 477884423 a composite number?
True
Is 14960161 composite?
False
Is 102784441 a composite number?
True
Is 76461521 a composite number?
False
Is 1815136697 composite?
True
Is 185628263 a composite number?
False
Is 57746441 a prime number?
True
Is 2481967 prime?
False
Is 1868687 prime?
True
Is 109958 a prime number?
False
Is 2433169 a composite number?
True
Is 5822129 a composite number?
False
Is 5678315 composite?
True
Is 535685 a prime number?
False
Is 29486741 prime?
True
Is 99560005 a prime number?
False
Is 379347647 a composite number?
True
Is 194564861 a composite number?
False
Is 2039761 a composite number?
False
Is 4883917 prime?
True
Is 4735063 a composite number?
False
Is 35668267 composite?
True
Is 4670221 composite?
True
Is 139549789 composite?
False
Is 102114167 a prime number?
False
Is 39365993 a composite number?
False
Is 61647 composite?
True
Is 8341919 composite?
False
Is 21816049 prime?
False
Is 2069887 a prime number?
True
Is 105167 a composite number?
False
Is 5764349 a composite number?
False
Is 82582447 prime?
False
Is 786397 composite?
True
Is 405276371 a prime number?
True
Is 257198727 a composite number?
True
Is 233183 composite?
False
Is 277745757 prime?
Fals